nd 164.
82
What is the greatest common divisor of 118 and 24426?
118
What is the greatest common divisor of 112 and 400?
16
Calculate the greatest common divisor of 16 and 568.
8
Calculate the greatest common divisor of 775 and 2263.
31
Calculate the greatest common divisor of 16 and 60.
4
Calculate the greatest common divisor of 188 and 156.
4
What is the greatest common factor of 24 and 300?
12
Calculate the greatest common divisor of 25 and 10.
5
Calculate the greatest common factor of 104 and 4264.
104
What is the highest common factor of 4218 and 37?
37
What is the greatest common divisor of 1044 and 396?
36
What is the highest common factor of 2980 and 12?
4
What is the greatest common divisor of 185 and 13505?
185
What is the highest common factor of 14500 and 10?
10
What is the highest common factor of 7904 and 741?
247
What is the greatest common factor of 668 and 6179?
167
What is the highest common factor of 6025 and 25?
25
Calculate the greatest common divisor of 1535 and 10.
5
What is the highest common divisor of 1040 and 240?
80
What is the highest common divisor of 147 and 7?
7
Calculate the greatest common factor of 3 and 6.
3
Calculate the highest common factor of 12 and 207.
3
What is the greatest common divisor of 1287 and 26?
13
What is the highest common factor of 104 and 16874?
26
What is the greatest common divisor of 390 and 1443?
39
Calculate the greatest common factor of 21 and 315.
21
Calculate the greatest common factor of 55 and 3729.
11
What is the highest common factor of 667 and 1?
1
Calculate the highest common divisor of 119 and 238.
119
What is the highest common divisor of 510 and 190?
10
What is the greatest common factor of 595 and 35?
35
Calculate the greatest common factor of 1136 and 71.
71
What is the highest common factor of 88 and 176?
88
Calculate the greatest common divisor of 152 and 2736.
152
Calculate the highest common factor of 14 and 1708.
14
Calculate the highest common factor of 170 and 25.
5
Calculate the greatest common factor of 54 and 10.
2
Calculate the highest common divisor of 76529 and 103.
103
Calculate the greatest common divisor of 30 and 1320.
30
What is the greatest common divisor of 945 and 693?
63
What is the highest common factor of 14 and 63?
7
Calculate the greatest common factor of 516 and 24.
12
What is the highest common divisor of 4 and 13708?
4
Calculate the greatest common factor of 770 and 66.
22
What is the greatest common factor of 1357 and 236?
59
What is the highest common divisor of 575 and 100?
25
Calculate the greatest common factor of 273 and 21.
21
What is the greatest common divisor of 15 and 9615?
15
Calculate the greatest common divisor of 19 and 7771.
19
What is the highest common factor of 336 and 48?
48
Calculate the greatest common divisor of 1740 and 40.
20
What is the greatest common divisor of 715 and 385?
55
Calculate the greatest common factor of 1273 and 133.
19
What is the highest common divisor of 86 and 1075?
43
What is the greatest common divisor of 1500 and 48?
12
Calculate the highest common divisor of 527 and 153.
17
What is the greatest common divisor of 34 and 493?
17
Calculate the greatest common divisor of 9 and 8.
1
What is the highest common divisor of 184 and 16?
8
What is the greatest common divisor of 24 and 16?
8
What is the highest common factor of 231 and 42?
21
Calculate the greatest common factor of 12 and 237.
3
What is the greatest common factor of 7840 and 400?
80
Calculate the greatest common divisor of 19 and 608.
19
What is the highest common factor of 140 and 224?
28
What is the highest common factor of 255 and 5?
5
Calculate the greatest common factor of 1025 and 123.
41
Calculate the greatest common factor of 33 and 10912.
11
What is the greatest common divisor of 170 and 30?
10
What is the greatest common factor of 50 and 290?
10
What is the highest common divisor of 188 and 5452?
188
What is the highest common divisor of 38 and 6?
2
What is the highest common divisor of 20 and 170?
10
Calculate the highest common divisor of 16 and 6472.
8
Calculate the highest common factor of 3650 and 150.
50
What is the greatest common factor of 40 and 290?
10
What is the greatest common divisor of 912 and 96?
48
What is the greatest common divisor of 1 and 5?
1
Calculate the highest common divisor of 9 and 93.
3
Calculate the greatest common divisor of 182 and 168.
14
Calculate the greatest common divisor of 450 and 180.
90
What is the highest common factor of 88 and 594?
22
Calculate the highest common factor of 5575 and 446.
223
Calculate the highest common factor of 79 and 2291.
79
What is the highest common factor of 86 and 430?
86
What is the greatest common factor of 53 and 4770?
53
Calculate the highest common factor of 44 and 330.
22
Calculate the highest common factor of 1970 and 70.
10
What is the highest common divisor of 1056 and 132?
132
Calculate the highest common factor of 10981 and 278.
139
What is the greatest common factor of 416 and 26?
26
What is the greatest common divisor of 788 and 4?
4
Calculate the highest common divisor of 312 and 1131.
39
What is the highest common divisor of 14 and 1442?
14
What is the greatest common divisor of 15 and 1635?
15
What is the highest common divisor of 405 and 1710?
45
Calculate the greatest common divisor of 420 and 8610.
210
Calculate the highest common divisor of 40 and 310.
10
Calculate the greatest common divisor of 4425 and 75.
75
Calculate the highest common factor of 351 and 273.
39
Calculate the highest common divisor of 90 and 198.
18
What is the highest common divisor of 18 and 15381?
9
Calculate the highest common factor of 5446 and 14.
14
What is the greatest common divisor of 3293 and 703?
37
Calculate the greatest common divisor of 1377 and 162.
81
Calculate the greatest common divisor of 465 and 120.
15
What is the greatest common factor of 4260 and 75?
15
What is the highest common factor of 42 and 1722?
42
What is the highest common divisor of 1104 and 575?
23
What is the greatest common divisor of 4 and 128?
4
Calculate the greatest common divisor of 28 and 77.
7
What is the highest common factor of 966 and 378?
42
Calculate the greatest common factor of 595 and 1309.
119
What is the highest common factor of 176 and 16?
16
Calculate the highest common divisor of 100 and 4100.
100
What is the highest common factor of 40 and 20?
20
What is the greatest common factor of 208 and 18408?
104
Calculate the highest common factor of 36 and 1116.
36
Calculate the greatest common factor of 897 and 1677.
39
What is the highest common factor of 10 and 730?
10
What is the highest common divisor of 6120 and 45?
45
What is the highest common factor of 45 and 2595?
15
Calculate the highest common factor of 4343 and 43.
43
Calculate the highest common divisor of 23 and 1541.
23
What is the highest common factor of 1513 and 102?
17
Calculate the greatest common factor of 3896 and 32.
8
Calculate the highest common factor of 5 and 8.
1
Calculate the highest common factor of 416 and 26.
26
What is the greatest common factor of 32 and 74?
2
Calculate the greatest common divisor of 157 and 4.
1
Calculate the greatest common divisor of 648 and 192.
24
Calculate the highest common divisor of 9720 and 120.
120
What is the highest common divisor of 192 and 1120?
32
Calculate the greatest common factor of 115 and 2369.
23
Calculate the highest common divisor of 44 and 3718.
22
What is the greatest common divisor of 44 and 44?
44
Calculate the highest common divisor of 117 and 15.
3
Calculate the highest common factor of 196 and 4802.
98
What is the highest common factor of 1651 and 2413?
127
What is the greatest common divisor of 406 and 224?
14
What is the highest common divisor of 8109 and 459?
153
What is the greatest common factor of 7395 and 696?
87
Calculate the highest common divisor of 45 and 90.
45
What is the greatest common factor of 4179 and 398?
199
Calculate the greatest common divisor of 8 and 2248.
8
Calculate the highest common divisor of 187 and 119.
17
What is the highest common factor of 252 and 603?
9
What is the highest common factor of 480 and 2496?
96
What is the highest common factor of 8 and 36?
4
Calculate the greatest common divisor of 16 and 4